{"id":4352,"date":"2020-07-17T10:34:27","date_gmt":"2020-07-17T08:34:27","guid":{"rendered":"http:\/\/www.kp.sik.si\/?page_id=4352"},"modified":"2020-07-17T12:27:04","modified_gmt":"2020-07-17T10:27:04","slug":"crescere-leggendo","status":"publish","type":"page","link":"https:\/\/www.kp.sik.si\/it\/crescere-leggendo\/","title":{"rendered":"Crescere leggendo"},"content":{"rendered":"\t\t<div data-elementor-type=\"wp-page\" data-elementor-id=\"4352\" class=\"elementor elementor-4352 elementor-3299\" data-elementor-post-type=\"page\">\n\t\t\t\t\t\t<section class=\"elementor-section elementor-top-section elementor-element elementor-element-feb4627 elementor-section-boxed elementor-section-height-default elementor-section-height-default\" data-id=\"feb4627\" data-element_type=\"section\" data-e-type=\"section\">\n\t\t\t\t\t\t<div class=\"elementor-container elementor-column-gap-default\">\n\t\t\t\t\t<div class=\"elementor-column elementor-col-100 elementor-top-column elementor-element elementor-element-8002bc7\" data-id=\"8002bc7\" data-element_type=\"column\" data-e-type=\"column\">\n\t\t\t<div class=\"elementor-widget-wrap elementor-element-populated\">\n\t\t\t\t\t\t<div class=\"elementor-element elementor-element-4634499 elementor-widget elementor-widget-text-editor\" data-id=\"4634499\" data-element_type=\"widget\" data-e-type=\"widget\" data-widget_type=\"text-editor.default\">\n\t\t\t\t<div class=\"elementor-widget-container\">\n\t\t\t\t\t\t\t\t\t<p><span style=\"font-family: 'times new roman', times, serif; font-size: 14pt;\">Crescere leggendo<\/span><\/p><p><span style=\"font-family: 'times new roman', times, serif; font-size: 14pt;\">Il progetto nazionale Crescere leggendo &#8211; un&#8217;opera di letteratura per ragazzi per ogni alunno della settima classe, \u00e8 un progetto gestito dall&#8217;Agenzia pubblica per il libro, dal Ministero della Cultura, dal Ministero della Pubblica Istruzione e lo Sport e dall&#8217;Associazione delle biblioteche pubbliche. Leggere \u00e8 un piacere! Gli alunni delle settime classi visitano la loro biblioteca pubblica pi\u00f9 vicina per entrare nel mondo della lettura, della conoscenza, della creativit\u00e0, del divertimento e leggere un testo di letteratura slovena per ragazzi. Al termine della visita a ogni ragazzo \u00e8 donato un libro.<\/span><\/p>\t\t\t\t\t\t\t\t<\/div>\n\t\t\t\t<\/div>\n\t\t\t\t\t<\/div>\n\t\t<\/div>\n\t\t\t\t\t<\/div>\n\t\t<\/section>\n\t\t\t\t<section class=\"elementor-section elementor-top-section elementor-element elementor-element-0d42c63 elementor-section-boxed elementor-section-height-default elementor-section-height-default\" data-id=\"0d42c63\" data-element_type=\"section\" data-e-type=\"section\">\n\t\t\t\t\t\t<div class=\"elementor-container elementor-column-gap-default\">\n\t\t\t\t\t<div class=\"elementor-column elementor-col-100 elementor-top-column elementor-element elementor-element-135295e\" data-id=\"135295e\" data-element_type=\"column\" data-e-type=\"column\">\n\t\t\t<div class=\"elementor-widget-wrap elementor-element-populated\">\n\t\t\t\t\t\t<div class=\"elementor-element elementor-element-2688462 elementor-widget elementor-widget-image\" data-id=\"2688462\" data-element_type=\"widget\" data-e-type=\"widget\" data-widget_type=\"image.default\">\n\t\t\t\t<div class=\"elementor-widget-container\">\n\t\t\t\t\t\t\t\t\t\t\t\t\t\t\t<img fetchpriority=\"high\" decoding=\"async\" width=\"730\" height=\"260\" src=\"https:\/\/www.kp.sik.si\/wp-content\/uploads\/2020\/07\/csm_Rastem_s_knjigo_logotip_1098ffca6b.png\" class=\"attachment-large size-large wp-image-3353\" alt=\"\" srcset=\"https:\/\/www.kp.sik.si\/wp-content\/uploads\/2020\/07\/csm_Rastem_s_knjigo_logotip_1098ffca6b.png 800w, https:\/\/www.kp.sik.si\/wp-content\/uploads\/2020\/07\/csm_Rastem_s_knjigo_logotip_1098ffca6b-300x107.png 300w, https:\/\/www.kp.sik.si\/wp-content\/uploads\/2020\/07\/csm_Rastem_s_knjigo_logotip_1098ffca6b-768x274.png 768w\" sizes=\"(max-width: 730px) 100vw, 730px\" \/>\t\t\t\t\t\t\t\t\t\t\t\t\t\t\t<\/div>\n\t\t\t\t<\/div>\n\t\t\t\t\t<\/div>\n\t\t<\/div>\n\t\t\t\t\t<\/div>\n\t\t<\/section>\n\t\t\t\t<\/div>\n\t\t","protected":false},"excerpt":{"rendered":"<p>Crescere leggendo Il progetto nazionale Crescere leggendo &#8211; un&#8217;opera di letteratura per ragazzi per ogni alunno della settima classe, \u00e8 un progetto gestito dall&#8217;Agenzia pubblica per il libro, dal Ministero [&hellip;]<\/p>\n","protected":false},"author":4,"featured_media":3379,"parent":0,"menu_order":0,"comment_status":"closed","ping_status":"closed","template":"","meta":{"_acf_changed":false,"footnotes":""},"class_list":["post-4352","page","type-page","status-publish","has-post-thumbnail","hentry"],"acf":[],"_links":{"self":[{"href":"https:\/\/www.kp.sik.si\/it\/wp-json\/wp\/v2\/pages\/4352","targetHints":{"allow":["GET"]}}],"collection":[{"href":"https:\/\/www.kp.sik.si\/it\/wp-json\/wp\/v2\/pages"}],"about":[{"href":"https:\/\/www.kp.sik.si\/it\/wp-json\/wp\/v2\/types\/page"}],"author":[{"embeddable":true,"href":"https:\/\/www.kp.sik.si\/it\/wp-json\/wp\/v2\/users\/4"}],"replies":[{"embeddable":true,"href":"https:\/\/www.kp.sik.si\/it\/wp-json\/wp\/v2\/comments?post=4352"}],"version-history":[{"count":2,"href":"https:\/\/www.kp.sik.si\/it\/wp-json\/wp\/v2\/pages\/4352\/revisions"}],"predecessor-version":[{"id":4470,"href":"https:\/\/www.kp.sik.si\/it\/wp-json\/wp\/v2\/pages\/4352\/revisions\/4470"}],"wp:featuredmedia":[{"embeddable":true,"href":"https:\/\/www.kp.sik.si\/it\/wp-json\/wp\/v2\/media\/3379"}],"wp:attachment":[{"href":"https:\/\/www.kp.sik.si\/it\/wp-json\/wp\/v2\/media?parent=4352"}],"curies":[{"name":"wp","href":"https:\/\/api.w.org\/{rel}","templated":true}]}}

<div data-elementor-type="wp-page" data-elementor-id="4352" class="elementor elementor-4352 elementor-3299" data-elementor-post-type="page">
						<section class="elementor-section elementor-top-section elementor-element elementor-element-feb4627 elementor-section-boxed elementor-section-height-default elementor-section-height-default" data-id="feb4627" data-element_type="section" data-e-type="section">
						<div class="elementor-container elementor-column-gap-default">
					<div class="elementor-column elementor-col-100 elementor-top-column elementor-element elementor-element-8002bc7" data-id="8002bc7" data-element_type="column" data-e-type="column">
			<div class="elementor-widget-wrap elementor-element-populated">
						<div class="elementor-element elementor-element-4634499 elementor-widget elementor-widget-text-editor" data-id="4634499" data-element_type="widget" data-e-type="widget" data-widget_type="text-editor.default">
				<div class="elementor-widget-container">
									<p><span style="font-family: 'times new roman', times, serif; font-size: 14pt;">Crescere leggendo</span></p><p><span style="font-family: 'times new roman', times, serif; font-size: 14pt;">Il progetto nazionale Crescere leggendo &#8211; un&#8217;opera di letteratura per ragazzi per ogni alunno della settima classe, è un progetto gestito dall&#8217;Agenzia pubblica per il libro, dal Ministero della Cultura, dal Ministero della Pubblica Istruzione e lo Sport e dall&#8217;Associazione delle biblioteche pubbliche. Leggere è un piacere! Gli alunni delle settime classi visitano la loro biblioteca pubblica più vicina per entrare nel mondo della lettura, della conoscenza, della creatività, del divertimento e leggere un testo di letteratura slovena per ragazzi. Al termine della visita a ogni ragazzo è donato un libro.</span></p>								</div>
				</div>
					</div>
		</div>
					</div>
		</section>
				<section class="elementor-section elementor-top-section elementor-element elementor-element-0d42c63 elementor-section-boxed elementor-section-height-default elementor-section-height-default" data-id="0d42c63" data-element_type="section" data-e-type="section">
						<div class="elementor-container elementor-column-gap-default">
					<div class="elementor-column elementor-col-100 elementor-top-column elementor-element elementor-element-135295e" data-id="135295e" data-element_type="column" data-e-type="column">
			<div class="elementor-widget-wrap elementor-element-populated">
						<div class="elementor-element elementor-element-2688462 elementor-widget elementor-widget-image" data-id="2688462" data-element_type="widget" data-e-type="widget" data-widget_type="image.default">
				<div class="elementor-widget-container">
															<img fetchpriority="high" decoding="async" width="730" height="260" src="https://www.kp.sik.si/wp-content/uploads/2020/07/csm_Rastem_s_knjigo_logotip_1098ffca6b.png" class="attachment-large size-large wp-image-3353" alt="" srcset="https://www.kp.sik.si/wp-content/uploads/2020/07/csm_Rastem_s_knjigo_logotip_1098ffca6b.png 800w, https://www.kp.sik.si/wp-content/uploads/2020/07/csm_Rastem_s_knjigo_logotip_1098ffca6b-300x107.png 300w, https://www.kp.sik.si/wp-content/uploads/2020/07/csm_Rastem_s_knjigo_logotip_1098ffca6b-768x274.png 768w" sizes="(max-width: 730px) 100vw, 730px" />															</div>
				</div>
					</div>
		</div>
					</div>
		</section>
				</div>

<p>Crescere leggendo Il progetto nazionale Crescere leggendo &#8211; un&#8217;opera di letteratura per ragazzi per ogni alunno della settima classe, è un progetto gestito dall&#8217;Agenzia pubblica per il libro, dal Ministero [&hellip;]</p>
