{"id":4376,"date":"2020-07-17T10:40:37","date_gmt":"2020-07-17T08:40:37","guid":{"rendered":"http:\/\/www.kp.sik.si\/?page_id=4376"},"modified":"2020-07-17T11:55:55","modified_gmt":"2020-07-17T09:55:55","slug":"lora-del-racconto","status":"publish","type":"page","link":"https:\/\/www.kp.sik.si\/it\/lora-del-racconto\/","title":{"rendered":"L\u00b4ora del racconto"},"content":{"rendered":"\t\t<div data-elementor-type=\"wp-page\" data-elementor-id=\"4376\" class=\"elementor elementor-4376 elementor-3256\" data-elementor-post-type=\"page\">\n\t\t\t\t\t\t<section class=\"elementor-section elementor-top-section elementor-element elementor-element-28394bd elementor-section-boxed elementor-section-height-default elementor-section-height-default\" data-id=\"28394bd\" data-element_type=\"section\" data-e-type=\"section\">\n\t\t\t\t\t\t<div class=\"elementor-container elementor-column-gap-default\">\n\t\t\t\t\t<div class=\"elementor-column elementor-col-100 elementor-top-column elementor-element elementor-element-7cc26de\" data-id=\"7cc26de\" data-element_type=\"column\" data-e-type=\"column\">\n\t\t\t<div class=\"elementor-widget-wrap elementor-element-populated\">\n\t\t\t\t\t\t<div class=\"elementor-element elementor-element-6b1bacc elementor-widget elementor-widget-text-editor\" data-id=\"6b1bacc\" data-element_type=\"widget\" data-e-type=\"widget\" data-widget_type=\"text-editor.default\">\n\t\t\t\t<div class=\"elementor-widget-container\">\n\t\t\t\t\t\t\t\t\t<p><span style=\"font-family: 'times new roman', times, serif; font-size: 14pt;\">Le ore del racconto iniziano la seconda met\u00e0 di settembre e durano fino alle feste del primo maggio. Vi aspettiamo ogni gioved\u00ec e ogni secondo marted\u00ec del mese alle ore 17 nella sala musicale della Biblioteca dei ragazzi.<\/span><\/p><p><span style=\"font-family: 'times new roman', times, serif; font-size: 14pt;\">Le ore del racconto sono indicate per i bambini dai tre ai sei anni di et\u00e0, e, naturalmente, ai loro genitori o chi ne fa le veci. Per partecipare non c&#8217;\u00e8 bisogno di prenotazione. Ecco qui la lista mensile degli avvenimenti:<\/span><\/p><p><span style=\"font-family: 'times new roman', times, serif; font-size: 14pt;\">Raccomandazioni<\/span><\/p><p><span style=\"font-family: 'times new roman', times, serif; font-size: 14pt;\">Siate puntuali, le ore del racconto iniziano in punto!<\/span><br \/><span style=\"font-family: 'times new roman', times, serif; font-size: 14pt;\">Se necessario andate al bagno prima che l&#8217;ora inizi.<\/span><br \/><span style=\"font-family: 'times new roman', times, serif; font-size: 14pt;\">Non disturbate gli altri, se i vostri bambini disturbano, siete pregati di uscire.<\/span><br \/><span style=\"font-family: 'times new roman', times, serif; font-size: 14pt;\">Ascoltate, ascoltate, ascoltate. Bambini e genitori devono ascoltare in silenzio.<\/span><br \/><span style=\"font-family: 'times new roman', times, serif; font-size: 14pt;\">Se i bambini sono molto piccoli, la presenza dei genitori \u00e8 auspicabile.<\/span><br \/><span style=\"font-family: 'times new roman', times, serif; font-size: 14pt;\">Buon divertimento! Con le ore del racconto vogliamo incoraggiare nei bambini l&#8217;amore per la lettura.<\/span><\/p>\t\t\t\t\t\t\t\t<\/div>\n\t\t\t\t<\/div>\n\t\t\t\t\t<\/div>\n\t\t<\/div>\n\t\t\t\t\t<\/div>\n\t\t<\/section>\n\t\t\t\t<section class=\"elementor-section elementor-top-section elementor-element elementor-element-7efccc4 elementor-section-boxed elementor-section-height-default elementor-section-height-default\" data-id=\"7efccc4\" data-element_type=\"section\" data-e-type=\"section\">\n\t\t\t\t\t\t<div class=\"elementor-container elementor-column-gap-default\">\n\t\t\t\t\t<div class=\"elementor-column elementor-col-100 elementor-top-column elementor-element elementor-element-a6c53bd\" data-id=\"a6c53bd\" data-element_type=\"column\" data-e-type=\"column\">\n\t\t\t<div class=\"elementor-widget-wrap elementor-element-populated\">\n\t\t\t\t\t\t<div class=\"elementor-element elementor-element-f87fa71 elementor-widget elementor-widget-image\" data-id=\"f87fa71\" data-element_type=\"widget\" data-e-type=\"widget\" data-widget_type=\"image.default\">\n\t\t\t\t<div class=\"elementor-widget-container\">\n\t\t\t\t\t\t\t\t\t\t\t\t\t\t\t<img fetchpriority=\"high\" decoding=\"async\" width=\"730\" height=\"411\" src=\"https:\/\/www.kp.sik.si\/wp-content\/uploads\/2020\/07\/vrtec-768x432.jpg\" class=\"attachment-medium_large size-medium_large wp-image-3282\" alt=\"\" srcset=\"https:\/\/www.kp.sik.si\/wp-content\/uploads\/2020\/07\/vrtec-768x432.jpg 768w, https:\/\/www.kp.sik.si\/wp-content\/uploads\/2020\/07\/vrtec-300x169.jpg 300w, https:\/\/www.kp.sik.si\/wp-content\/uploads\/2020\/07\/vrtec-1024x576.jpg 1024w, https:\/\/www.kp.sik.si\/wp-content\/uploads\/2020\/07\/vrtec-1536x864.jpg 1536w, https:\/\/www.kp.sik.si\/wp-content\/uploads\/2020\/07\/vrtec-830x467.jpg 830w, https:\/\/www.kp.sik.si\/wp-content\/uploads\/2020\/07\/vrtec-940x529.jpg 940w, https:\/\/www.kp.sik.si\/wp-content\/uploads\/2020\/07\/vrtec.jpg 1920w\" sizes=\"(max-width: 730px) 100vw, 730px\" \/>\t\t\t\t\t\t\t\t\t\t\t\t\t\t\t<\/div>\n\t\t\t\t<\/div>\n\t\t\t\t\t<\/div>\n\t\t<\/div>\n\t\t\t\t\t<\/div>\n\t\t<\/section>\n\t\t\t\t<section class=\"elementor-section elementor-top-section elementor-element elementor-element-af8090d elementor-section-boxed elementor-section-height-default elementor-section-height-default\" data-id=\"af8090d\" data-element_type=\"section\" data-e-type=\"section\">\n\t\t\t\t\t\t<div class=\"elementor-container elementor-column-gap-default\">\n\t\t\t\t\t<div class=\"elementor-column elementor-col-100 elementor-top-column elementor-element elementor-element-9de1319\" data-id=\"9de1319\" data-element_type=\"column\" data-e-type=\"column\">\n\t\t\t<div class=\"elementor-widget-wrap elementor-element-populated\">\n\t\t\t\t\t\t<div class=\"elementor-element elementor-element-7e462cc elementor-widget elementor-widget-text-editor\" data-id=\"7e462cc\" data-element_type=\"widget\" data-e-type=\"widget\" data-widget_type=\"text-editor.default\">\n\t\t\t\t<div class=\"elementor-widget-container\">\n\t\t\t\t\t\t\t\t\t<p><em><strong><span style=\"font-family: 'times new roman', times, serif; font-size: 14pt;\">L&#8217;angolino della lettura &#8211; l&#8217;angolino per i nostri lettori pi\u00f9 giovani<\/span><\/strong><\/em><\/p><p><span style=\"font-family: 'times new roman', times, serif; font-size: 14pt;\">Per i nostri lettori pi\u00f9 piccoli, abbiamo preparato un colorato, giocoso e favoloso angolo per la lettura. Scegliete la vostra favola preferita e mettetevi comodi nel divano e immergetevi nel mondo delle api, farfalle e delle fatine magiche&#8230;<\/span><br \/><span style=\"font-family: 'times new roman', times, serif; font-size: 14pt;\">Oltre ai libri illustrati i bambini possono utilizzare matite colorate, pennarelli e pastelli oppure usare il mappamondo e altri numerosi giochi didattici.<\/span><\/p>\t\t\t\t\t\t\t\t<\/div>\n\t\t\t\t<\/div>\n\t\t\t\t\t<\/div>\n\t\t<\/div>\n\t\t\t\t\t<\/div>\n\t\t<\/section>\n\t\t\t\t<section class=\"elementor-section elementor-top-section elementor-element elementor-element-0cebc9b elementor-section-boxed elementor-section-height-default elementor-section-height-default\" data-id=\"0cebc9b\" data-element_type=\"section\" data-e-type=\"section\">\n\t\t\t\t\t\t<div class=\"elementor-container elementor-column-gap-default\">\n\t\t\t\t\t<div class=\"elementor-column elementor-col-100 elementor-top-column elementor-element elementor-element-28ea7dd\" data-id=\"28ea7dd\" data-element_type=\"column\" data-e-type=\"column\">\n\t\t\t<div class=\"elementor-widget-wrap elementor-element-populated\">\n\t\t\t\t\t\t<div class=\"elementor-element elementor-element-fc00bac elementor-widget elementor-widget-image\" data-id=\"fc00bac\" data-element_type=\"widget\" data-e-type=\"widget\" data-widget_type=\"image.default\">\n\t\t\t\t<div class=\"elementor-widget-container\">\n\t\t\t\t\t\t\t\t\t\t\t\t\t\t\t<img decoding=\"async\" width=\"730\" height=\"548\" src=\"https:\/\/www.kp.sik.si\/wp-content\/uploads\/2020\/07\/bralni-koticek1.jpg\" class=\"attachment-large size-large wp-image-3286\" alt=\"\" srcset=\"https:\/\/www.kp.sik.si\/wp-content\/uploads\/2020\/07\/bralni-koticek1.jpg 980w, https:\/\/www.kp.sik.si\/wp-content\/uploads\/2020\/07\/bralni-koticek1-300x225.jpg 300w, https:\/\/www.kp.sik.si\/wp-content\/uploads\/2020\/07\/bralni-koticek1-768x576.jpg 768w, https:\/\/www.kp.sik.si\/wp-content\/uploads\/2020\/07\/bralni-koticek1-830x623.jpg 830w, https:\/\/www.kp.sik.si\/wp-content\/uploads\/2020\/07\/bralni-koticek1-940x705.jpg 940w\" sizes=\"(max-width: 730px) 100vw, 730px\" \/>\t\t\t\t\t\t\t\t\t\t\t\t\t\t\t<\/div>\n\t\t\t\t<\/div>\n\t\t\t\t\t<\/div>\n\t\t<\/div>\n\t\t\t\t\t<\/div>\n\t\t<\/section>\n\t\t\t\t<\/div>\n\t\t","protected":false},"excerpt":{"rendered":"<p>Le ore del racconto iniziano la seconda met\u00e0 di settembre e durano fino alle feste del primo maggio. Vi aspettiamo ogni gioved\u00ec e ogni secondo marted\u00ec del mese alle ore [&hellip;]<\/p>\n","protected":false},"author":4,"featured_media":3264,"parent":0,"menu_order":0,"comment_status":"closed","ping_status":"closed","template":"","meta":{"_acf_changed":false,"footnotes":""},"class_list":["post-4376","page","type-page","status-publish","has-post-thumbnail","hentry"],"acf":[],"_links":{"self":[{"href":"https:\/\/www.kp.sik.si\/it\/wp-json\/wp\/v2\/pages\/4376","targetHints":{"allow":["GET"]}}],"collection":[{"href":"https:\/\/www.kp.sik.si\/it\/wp-json\/wp\/v2\/pages"}],"about":[{"href":"https:\/\/www.kp.sik.si\/it\/wp-json\/wp\/v2\/types\/page"}],"author":[{"embeddable":true,"href":"https:\/\/www.kp.sik.si\/it\/wp-json\/wp\/v2\/users\/4"}],"replies":[{"embeddable":true,"href":"https:\/\/www.kp.sik.si\/it\/wp-json\/wp\/v2\/comments?post=4376"}],"version-history":[{"count":2,"href":"https:\/\/www.kp.sik.si\/it\/wp-json\/wp\/v2\/pages\/4376\/revisions"}],"predecessor-version":[{"id":4413,"href":"https:\/\/www.kp.sik.si\/it\/wp-json\/wp\/v2\/pages\/4376\/revisions\/4413"}],"wp:featuredmedia":[{"embeddable":true,"href":"https:\/\/www.kp.sik.si\/it\/wp-json\/wp\/v2\/media\/3264"}],"wp:attachment":[{"href":"https:\/\/www.kp.sik.si\/it\/wp-json\/wp\/v2\/media?parent=4376"}],"curies":[{"name":"wp","href":"https:\/\/api.w.org\/{rel}","templated":true}]}}

<div data-elementor-type="wp-page" data-elementor-id="4376" class="elementor elementor-4376 elementor-3256" data-elementor-post-type="page">
						<section class="elementor-section elementor-top-section elementor-element elementor-element-28394bd elementor-section-boxed elementor-section-height-default elementor-section-height-default" data-id="28394bd" data-element_type="section" data-e-type="section">
						<div class="elementor-container elementor-column-gap-default">
					<div class="elementor-column elementor-col-100 elementor-top-column elementor-element elementor-element-7cc26de" data-id="7cc26de" data-element_type="column" data-e-type="column">
			<div class="elementor-widget-wrap elementor-element-populated">
						<div class="elementor-element elementor-element-6b1bacc elementor-widget elementor-widget-text-editor" data-id="6b1bacc" data-element_type="widget" data-e-type="widget" data-widget_type="text-editor.default">
				<div class="elementor-widget-container">
									<p><span style="font-family: 'times new roman', times, serif; font-size: 14pt;">Le ore del racconto iniziano la seconda metà di settembre e durano fino alle feste del primo maggio. Vi aspettiamo ogni giovedì e ogni secondo martedì del mese alle ore 17 nella sala musicale della Biblioteca dei ragazzi.</span></p><p><span style="font-family: 'times new roman', times, serif; font-size: 14pt;">Le ore del racconto sono indicate per i bambini dai tre ai sei anni di età, e, naturalmente, ai loro genitori o chi ne fa le veci. Per partecipare non c&#8217;è bisogno di prenotazione. Ecco qui la lista mensile degli avvenimenti:</span></p><p><span style="font-family: 'times new roman', times, serif; font-size: 14pt;">Raccomandazioni</span></p><p><span style="font-family: 'times new roman', times, serif; font-size: 14pt;">Siate puntuali, le ore del racconto iniziano in punto!</span><br /><span style="font-family: 'times new roman', times, serif; font-size: 14pt;">Se necessario andate al bagno prima che l&#8217;ora inizi.</span><br /><span style="font-family: 'times new roman', times, serif; font-size: 14pt;">Non disturbate gli altri, se i vostri bambini disturbano, siete pregati di uscire.</span><br /><span style="font-family: 'times new roman', times, serif; font-size: 14pt;">Ascoltate, ascoltate, ascoltate. Bambini e genitori devono ascoltare in silenzio.</span><br /><span style="font-family: 'times new roman', times, serif; font-size: 14pt;">Se i bambini sono molto piccoli, la presenza dei genitori è auspicabile.</span><br /><span style="font-family: 'times new roman', times, serif; font-size: 14pt;">Buon divertimento! Con le ore del racconto vogliamo incoraggiare nei bambini l&#8217;amore per la lettura.</span></p>								</div>
				</div>
					</div>
		</div>
					</div>
		</section>
				<section class="elementor-section elementor-top-section elementor-element elementor-element-7efccc4 elementor-section-boxed elementor-section-height-default elementor-section-height-default" data-id="7efccc4" data-element_type="section" data-e-type="section">
						<div class="elementor-container elementor-column-gap-default">
					<div class="elementor-column elementor-col-100 elementor-top-column elementor-element elementor-element-a6c53bd" data-id="a6c53bd" data-element_type="column" data-e-type="column">
			<div class="elementor-widget-wrap elementor-element-populated">
						<div class="elementor-element elementor-element-f87fa71 elementor-widget elementor-widget-image" data-id="f87fa71" data-element_type="widget" data-e-type="widget" data-widget_type="image.default">
				<div class="elementor-widget-container">
															<img fetchpriority="high" decoding="async" width="730" height="411" src="https://www.kp.sik.si/wp-content/uploads/2020/07/vrtec-768x432.jpg" class="attachment-medium_large size-medium_large wp-image-3282" alt="" srcset="https://www.kp.sik.si/wp-content/uploads/2020/07/vrtec-768x432.jpg 768w, https://www.kp.sik.si/wp-content/uploads/2020/07/vrtec-300x169.jpg 300w, https://www.kp.sik.si/wp-content/uploads/2020/07/vrtec-1024x576.jpg 1024w, https://www.kp.sik.si/wp-content/uploads/2020/07/vrtec-1536x864.jpg 1536w, https://www.kp.sik.si/wp-content/uploads/2020/07/vrtec-830x467.jpg 830w, https://www.kp.sik.si/wp-content/uploads/2020/07/vrtec-940x529.jpg 940w, https://www.kp.sik.si/wp-content/uploads/2020/07/vrtec.jpg 1920w" sizes="(max-width: 730px) 100vw, 730px" />															</div>
				</div>
					</div>
		</div>
					</div>
		</section>
				<section class="elementor-section elementor-top-section elementor-element elementor-element-af8090d elementor-section-boxed elementor-section-height-default elementor-section-height-default" data-id="af8090d" data-element_type="section" data-e-type="section">
						<div class="elementor-container elementor-column-gap-default">
					<div class="elementor-column elementor-col-100 elementor-top-column elementor-element elementor-element-9de1319" data-id="9de1319" data-element_type="column" data-e-type="column">
			<div class="elementor-widget-wrap elementor-element-populated">
						<div class="elementor-element elementor-element-7e462cc elementor-widget elementor-widget-text-editor" data-id="7e462cc" data-element_type="widget" data-e-type="widget" data-widget_type="text-editor.default">
				<div class="elementor-widget-container">
									<p><em><strong><span style="font-family: 'times new roman', times, serif; font-size: 14pt;">L&#8217;angolino della lettura &#8211; l&#8217;angolino per i nostri lettori più giovani</span></strong></em></p><p><span style="font-family: 'times new roman', times, serif; font-size: 14pt;">Per i nostri lettori più piccoli, abbiamo preparato un colorato, giocoso e favoloso angolo per la lettura. Scegliete la vostra favola preferita e mettetevi comodi nel divano e immergetevi nel mondo delle api, farfalle e delle fatine magiche&#8230;</span><br /><span style="font-family: 'times new roman', times, serif; font-size: 14pt;">Oltre ai libri illustrati i bambini possono utilizzare matite colorate, pennarelli e pastelli oppure usare il mappamondo e altri numerosi giochi didattici.</span></p>								</div>
				</div>
					</div>
		</div>
					</div>
		</section>
				<section class="elementor-section elementor-top-section elementor-element elementor-element-0cebc9b elementor-section-boxed elementor-section-height-default elementor-section-height-default" data-id="0cebc9b" data-element_type="section" data-e-type="section">
						<div class="elementor-container elementor-column-gap-default">
					<div class="elementor-column elementor-col-100 elementor-top-column elementor-element elementor-element-28ea7dd" data-id="28ea7dd" data-element_type="column" data-e-type="column">
			<div class="elementor-widget-wrap elementor-element-populated">
						<div class="elementor-element elementor-element-fc00bac elementor-widget elementor-widget-image" data-id="fc00bac" data-element_type="widget" data-e-type="widget" data-widget_type="image.default">
				<div class="elementor-widget-container">
															<img decoding="async" width="730" height="548" src="https://www.kp.sik.si/wp-content/uploads/2020/07/bralni-koticek1.jpg" class="attachment-large size-large wp-image-3286" alt="" srcset="https://www.kp.sik.si/wp-content/uploads/2020/07/bralni-koticek1.jpg 980w, https://www.kp.sik.si/wp-content/uploads/2020/07/bralni-koticek1-300x225.jpg 300w, https://www.kp.sik.si/wp-content/uploads/2020/07/bralni-koticek1-768x576.jpg 768w, https://www.kp.sik.si/wp-content/uploads/2020/07/bralni-koticek1-830x623.jpg 830w, https://www.kp.sik.si/wp-content/uploads/2020/07/bralni-koticek1-940x705.jpg 940w" sizes="(max-width: 730px) 100vw, 730px" />															</div>
				</div>
					</div>
		</div>
					</div>
		</section>
				</div>

<p>Le ore del racconto iniziano la seconda metà di settembre e durano fino alle feste del primo maggio. Vi aspettiamo ogni giovedì e ogni secondo martedì del mese alle ore [&hellip;]</p>
